f 10 and b?
10
Suppose 8*l - 94 = 10*l. Let g = l - -61. What is the highest common factor of g and 35?
7
Suppose 0 = 4*s + 2*t - 532, 3*t = 3*s - 6*s + 393. What is the highest common divisor of s and 15?
15
Let d(o) = -10*o - 37. Let w be d(-4). Suppose 533 = 5*b - 3*j, 251 = w*b + 5*j - 62. What is the highest common factor of 159 and b?
53
Suppose 3*i - 18 = -3*i. Suppose -10 = 5*s, 4*s = -6*u + i*u + 16. What is the greatest common factor of 72 and u?
8
Suppose 5*y - 25 = -j, -y = -j - 3*j - 26. Let t(o) = 9*o + 7. Let c be t(-8). Let u = c - -101. What is the highest common factor of u and y?
6
Let d = 26 - 12. Let l(t) = -t**2 - 4*t + 2. Let y be l(-4). Calculate the highest common divisor of y and d.
2
Let q(g) = -8*g + 296. Let r be q(18). What is the greatest common divisor of r and 16?
8
Suppose -11*o - 2*u - 90 = -12*o, -4*u = -o + 92. Calculate the greatest common factor of o and 104.
8
Suppose 4*g + 28 = 2*t, 3*t + g + 0 = 14. Suppose t*a = 10*a - 112. Let m = a + -20. Calculate the highest common divisor of 4 and m.
4
Suppose -405 = -105*t + 90*t. Suppose -f + 90 = 4*f. Calculate the highest common factor of f and t.
9
Let p(q) = -18*q + 4. Let t be p(-2). Let v(s) = s**3 - 12*s**2 + 13*s - 6. Let k be v(11). What is the highest common factor of t and k?
8
Suppose -7*p = -478 - 208. What is the highest common divisor of p and 441?
49
Let s(y) = -y**2 - 14*y - 33. Let f be s(-11). Suppose -o = -f*o - 9. Let q = -132 + 195. What is the highest common divisor of o and q?
9
Let h = -2059 + 2164. Calculate the highest common divisor of h and 147.
21
Suppose -4*p + 67 = 5*m, -3*m + 0*m - 5*p + 35 = 0. Calculate the highest common factor of 20 and m.
5
Let w be (5/(-18)*-2)/((-2)/(-18)). What is the greatest common factor of w and 525?
5
Let j be 1 + (13 - (-4 - -5)) + 1. Suppose -4*q + 109 = 21. Suppose 4*x - 78 = -q. What is the greatest common factor of j and x?
14
Let i = 267 + -155. What is the highest common factor of i and 8?
8
Suppose -x + 9 = -0. What is the highest common factor of x and 1719?
9
Suppose 0 = 3*i + 9 - 30. Suppose -2*s + 51 - i = 0. Suppose 0*g = 3*g + 3*t - 342, 2*g - 4*t = 204. What is the greatest common divisor of s and g?
22
Suppose 4*j - 81 = -5*p - 18, -5*p = -3*j - 49. Let g(w) = -15 + 3*w - 4*w - 6*w. Let u be g(-10). What is the highest common factor of p and u?
11
Let t = -9 - -12. Suppose t*d + 20 - 137 = 0. Calculate the highest common divisor of 26 and d.
13
Suppose -6*p + 58 + 50 = 0. Calculate the highest common factor of p and 342.
18
Suppose -2*g - 3*a + 200 = 0, 3*g = 6*a - a + 281. Let z = g - 45. What is the highest common factor of z and 13?
13
Let d(f) = -f**2 + 15*f + 15. Let h be d(16). Let y be (-1)/(1/(-2)) + (-75)/h. Calculate the highest common divisor of y and 11.
11
Let t be 4/(-6) + 80/12. Suppose t*v - 104 = 76. What is the greatest common divisor of 45 and v?
15
Let c be ((-270)/(-12))/(3*2/12). Calculate the greatest common divisor of c and 405.
45
Let l(v) = 41*v**3 - 2*v**2 + 4*v - 3. Let i be l(1). What is the greatest common divisor of 160 and i?
40
Let l = -83 - -42. Let p = l - -66. Suppose 0 = -2*u + b - 5*b + 14, -5*u + 21 = -4*b. Calculate the greatest common divisor of u and p.
5
Let k be (-598)/(-8) - (-1)/4. Let o = k + 25. Suppose 3*z - 4*f - 12 = -2, -3*f + 15 = 0. Calculate the greatest common divisor of z and o.
10
Let y be (-240)/20*136/(-6). Calculate the greatest common factor of y and 34.
34
Let a = 20 + -13. Suppose -a*i + 6*i - 20 = 0. Let q be (-1132)/i + 3/(-5). Calculate the greatest common divisor of 7 and q.
7
Let s = 53 - -271. What is the greatest common divisor of s and 243?
81
Let k be -8 - ((-495)/66)/(12/16). Suppose 2*h = -4*p, -p = -h + 1 + 2. What is the greatest common divisor of k and h?
2
Suppose 0 = 14*v - 611 - 117. Calculate the highest common factor of v and 390.
26
Let s(b) = 6*b**2 + 0*b**3 + 4 + 2 - b**3 + 0*b**3. Let c be s(6). Let w be 4/c - (-1)/3. What is the highest common factor of w and 5?
1
Suppose -3*i - 55 = -2*i. Let v = 262 + i. What is the greatest common divisor of v and 23?
23
Let l = 26 + -21. Suppose 0 = -l*o + 23 + 22. Calculate the greatest common factor of o and 3.
3
Let h be ((-3)/(-6))/((-1)/(-40)). Let d = -27 + 43. Let t = -12 + d. What is the greatest common factor of h and t?
4
Let d(f) = f**2 - 15*f - 84. Let u be d(20). What is the highest common divisor of 288 and u?
16
Suppose 541 = 2*x + y, 5*y - 815 = 6*x - 9*x. Suppose -20 = -g - 5*s, -4*g + 0*g + s + 122 = 0. Calculate the greatest common factor of g and x.
30
Suppose 330 = -33*k + 38*k. What is the highest common factor of k and 594?
66
Suppose 4*y - 16 - 80 = 0. Suppose 6 = 5*x - y. What is the highest common divisor of x and 48?
6
Suppose -249*g + 270*g = 42. What is the highest common factor of g and 558?
2
Suppose 5*z = 4*u - 9*u, -u = -2*z. Suppose 2*f - 1 - 17 = u. Suppose f*x - 2*x - 7 = 0. What is the highest common factor of x and 9?
1
Let m be 30950/15 - (-4)/6. Let r = m - 1379. Suppose -c - 3*n = n - 112, -5*n = -5*c + r. What is the greatest common factor of 12 and c?
12
Let o = 0 - -18. Let g be -2 - ((9 - 4) + -1). Let k be (-4)/(2 + g) - -8. What is the greatest common factor of o and k?
9
Let u(x) be the second derivative of -5*x**3/2 + 7*x**2/2 + 24*x. Let f be u(-1). Calculate the highest common factor of 154 and f.
22
Let o = 1406 - 889. What is the greatest common divisor of o and 11?
11
Let n(t) = 4*t**3 - t**2. Let l be n(1). Let f be 90/l*1*(-2)/(-3). Calculate the highest common factor of f and 5.
5
Let d(t) = -3*t**2 - 27*t + 8. Let w be d(-9). Suppose w*q - 64 = 4*q. Calculate the greatest common divisor of q and 4.
4
Suppose 7*j - 318 - 991 = 0. Let g be (34/8)/((-3)/(-12)). Calculate the greatest common factor of j and g.
17
Let r be 10 - 4103/(-66) - 1/6. Calculate the highest common factor of r and 54.
18
Let b(d) = -d**3 + 4*d**2 - 3*d. Let n be b(2). Let j be 1518/231 - (-10)/7. Calculate the highest common divisor of n and j.
2
Suppose -97 + 264 = y. What is the highest common factor of 4342 and y?
167
Suppose 63*d = 52*d + 132. What is the greatest common factor of d and 3828?
12
Suppose 3196 = 2*g - u, -u - u + 8 = 0. What is the highest common divisor of g and 25?
25
Suppose -5*v + 2572 = 4*x, -4*v + 4 + 12 = 0. What is the highest common factor of x and 58?
58
Let n = 17 + 52. Let o = n - 57. Suppose -3*b - 128 + 524 = 0. What is the greatest common divisor of b and o?
12
Let y = 29 + -3. Let d = y + -16. Let m = 206 - 116. Calculate the greatest common divisor of m and d.
10
Suppose 5*h + 4*r - 230 = 0, 2*r - 208 = -4*h - 24. Calculate the greatest common divisor of h and 391.
23
Let v = 250 - 94. Let r = -10 + 114. What is the greatest common factor of v and r?
52
Suppose -20*i + 16*i + 32 = 0. Let r be (-2 + 20 + 2)*18/i. Calculate the highest common divisor of 27 and r.
9
Let y(j) = -1 - 5 - 2 - j**3 - 5*j**2. Let f be y(-7). Let k(r) = r**2 + 39*r + 118. Let d be k(-36). Calculate the greatest common factor of d and f.
10
Let q be 2/3 - 3074/(-159). Calculate the highest common factor of 4 and q.
4
Suppose -k = 14 - 56. What is the highest common divisor of 686 and k?
14
Suppose 3*r - 4 = 3*d + d, -4*d - 3*r - 28 = 0. Let k(o) = o**2 - 5*o. Let m be k(d). Let t be 50/18 - (-8)/m. Calculate the highest common divisor of t and 3.
3
Let i(u) = -15*u - 436. Let s be i(-37). Calculate the greatest common divisor of 119 and s.
119
Let q be (-6 - (-27)/(-6))*108/(-21). Calculate the highest common factor of 36 and q.
18
Let f be 1/(-2) + 21/6 + 3. Suppose 0 = -v + 156 + f. What is the highest common divisor of v and 18?
18
Suppose 0 = 2*t + 5*f + 23, f - 135 = 5*t - 2*f. Let c be (-16)/t*210/4. Let q be (-6)/(-10) + 44/10. What is the greatest common divisor of c and q?
5
Let m = 8 - 4. Let h(w) = -w - 62. Let p(u) = -1. Let x(j) = -h(j) + 5*p(j). Let c be x(-13). Calculate the highest common factor of c and m.
4
Suppose 17871 = -32*x + 53*x. Calculate the highest common divisor of x and 37.
37
Let z be 2 + 1 - (-1 - 16). Let l(x) = x**2 - 15*x + 84. Let w be l(16). What is the greatest common divisor of z and w?
20
Suppose 65*x = 49*x + 1056. Calculate the highest common divisor of 22 and x.
22
Let s be ((